{"id":42,"date":"2019-02-01T18:46:04","date_gmt":"2019-02-01T20:46:04","guid":{"rendered":"https:\/\/petropolisinspecao.com.br\/inspecaoveicular\/?page_id=42"},"modified":"2019-09-16T15:02:41","modified_gmt":"2019-09-16T18:02:41","slug":"inspecao-modificados","status":"publish","type":"page","link":"https:\/\/petropolisinspecao.com.br\/inspecaoveicular\/inspecao-modificados\/","title":{"rendered":"Inspe\u00e7\u00e3o Modificados"},"content":{"rendered":"<h3>Inspe\u00e7\u00e3o em Ve\u00edculos Modificados (Altera\u00e7\u00e3o de Caracter\u00edsticas)<\/h3>\n<hr \/>\n<div class=\"su-note\"  style=\"border-color:#d6d6d6;border-radius:3px;-moz-border-radius:3px;-webkit-border-radius:3px;\"><div class=\"su-note-inner su-u-clearfix su-u-trim\" style=\"background-color:#F0F0F0;border-color:#ffffff;color:#333333;border-radius:3px;-moz-border-radius:3px;-webkit-border-radius:3px;\">\n<p>Todos os ve\u00edculos que realizaram qualquer modifica\u00e7\u00e3o em suas caracter\u00edsticas originais, sejam elas: estruturais, aumento de pot\u00eancia do motor, troca de carro\u00e7aria, troca de combust\u00edvel, suspens\u00e3o alterada (rebaixada\/levantada) e etc\u2026 Dever\u00e3o ser submetidos a uma Inspe\u00e7\u00e3o de Seguran\u00e7a Veicular, onde ser\u00e3o avaliados todos os sistemas e componentes do mesmo e se as modifica\u00e7\u00f5es est\u00e3o em conformidade com as Normas vigentes.<\/p>\n<\/div><\/div>\n<p>&nbsp;<\/p>\n<blockquote><p><em><strong>PORTARIA INMETRO N\u00ba 30:<\/strong><br \/>\nRTQ 24 \u2013 INSPE\u00c7\u00c3O DE VE\u00cdCULOS RODOVI\u00c1RIOS AUTOMOTORES \u2013 MODIFICA\u00c7\u00c3O OU FABRICA\u00c7\u00c3O ARTESANAL \u2013 Este Regulamento T\u00e9cnico estabelece os crit\u00e9rios a serem seguidos por Organismos de Inspe\u00e7\u00e3o Credenciados pelo INMETRO para inspe\u00e7\u00e3o de ve\u00edculos rodovi\u00e1rios automotores modificados ou fabricados artesanalmente.<\/em><\/p>\n<a href=\"http:\/\/www.inmetro.gov.br\/legislacao\/rtac\/pdf\/RTAC000880.pdf\" class=\"su-button su-button-style-default\" style=\"color:#FFFFFF;background-color:#0F7129;border-color:#0c5b21;border-radius:5px\" target=\"_blank\" rel=\"noopener noreferrer\"><span style=\"color:#FFFFFF;padding:6px 16px;font-size:13px;line-height:20px;border-color:#579c6a;border-radius:5px;text-shadow:none\"><i class=\"sui sui-external-link\" style=\"font-size:13px;color:#FFFFFF\"><\/i> Ver texto completo desta Portaria <\/span><\/a><\/blockquote>\n<p>&nbsp;<\/p>\n<hr \/>\n<p><strong>Clique e saiba mais:<\/strong><\/p>\n<div class=\"su-spoiler su-spoiler-style-fancy su-spoiler-icon-arrow su-spoiler-closed\" data-scroll-offset=\"0\" data-anchor-in-url=\"no\"><div class=\"su-spoiler-title\" tabindex=\"0\" role=\"button\"><span class=\"su-spoiler-icon\"><\/span>O QUE \u00c9 CONSIDERADO COMO ALTERA\u00c7\u00c3O DE CARACTER\u00cdSTICA?:<\/div><div class=\"su-spoiler-content su-u-clearfix su-u-trim\">\n<p>Verifique o que \u00e9 considerado como Altera\u00e7\u00f5es de caracter\u00edsticas veicular:<\/p>\n<ul>\n<li>Mudan\u00e7a de Carroceria;<\/li>\n<li>Eixo Suplementar;<\/li>\n<li>Modifica\u00e7\u00e3o na suspens\u00e3o (rebaixada\/levantada);<\/li>\n<li>Retirada de Kit GNV;<\/li>\n<li>Adapta\u00e7\u00e3o para Pessoas com Defici\u00eancia F\u00edsica;<\/li>\n<li>Adapta\u00e7\u00e3o para Forma\u00e7\u00e3o de Condutores;<\/li>\n<li>Mudan\u00e7a de Esp\u00e9cie\/Tipo;<\/li>\n<li>Mudan\u00e7a de Combust\u00edvel;<\/li>\n<li>Mudan\u00e7a de Estrutura;<\/li>\n<li>Mudan\u00e7a em Sistema de Seguran\u00e7a;<\/li>\n<li>Mudan\u00e7a de Modelo\/Vers\u00e3o\/Pot\u00eancia\/Cilindrada;<\/li>\n<li>Mudan\u00e7a de Capacidade.<\/li>\n<\/ul>\n<p>.<\/p>\n<\/div><\/div>\n<div class=\"su-spoiler su-spoiler-style-fancy su-spoiler-icon-arrow su-spoiler-closed\" data-scroll-offset=\"0\" data-anchor-in-url=\"no\"><div class=\"su-spoiler-title\" tabindex=\"0\" role=\"button\"><span class=\"su-spoiler-icon\"><\/span>O QUE VOC\u00ca PRECISA SABER ANTES DE MUDAR ALGO EM SEU VE\u00cdCULO:<\/div><div class=\"su-spoiler-content su-u-clearfix su-u-trim\">\n<p>O interessado antes de mais nada deve solicitar a \u00e0 autoridade de tr\u00e2nsito permiss\u00e3o para a altera\u00e7\u00e3o\/modifica\u00e7\u00e3o. Com a autoriza\u00e7\u00e3o emitida pelo DETRAN a modifica\u00e7\u00e3o \u00e9 realizada. Basta se dirigir a nossa empresa, <strong>PETR\u00d3POLIS INSPE\u00c7\u00c3O VEICULAR<\/strong>, para que o seu ve\u00edculo seja inspecionado.<br \/>\nPara os ve\u00edculos aprovados na inspe\u00e7\u00e3o ser\u00e1 emitido o Certificado de Seguran\u00e7a Veicular (CSV)e o Certificado de Inspe\u00e7\u00e3o (CI) .<\/p>\n<p>Se reprovado ser\u00e1 emitido ent\u00e3o o Relat\u00f3rio de N\u00e3o Conformidades (RNC) com todos os defeitos apresentados pelo ve\u00edculo, com isso o propriet\u00e1rio ter\u00e1 30 dias para corrigir e retornar sem nenhum custo adicional.<\/p>\n<\/div><\/div>\n<div class=\"su-spoiler su-spoiler-style-fancy su-spoiler-icon-arrow su-spoiler-closed\" data-scroll-offset=\"0\" data-anchor-in-url=\"no\"><div class=\"su-spoiler-title\" tabindex=\"0\" role=\"button\"><span class=\"su-spoiler-icon\"><\/span>DOCUMENTOS INSPE\u00c7\u00c3O VE\u00cdCULOS MODIFICADOS:<\/div><div class=\"su-spoiler-content su-u-clearfix su-u-trim\">\n<ul>\n<li>Documento do ve\u00edculo (CRLV);<\/li>\n<li>CNH do condutor;<\/li>\n<li>Notas fiscais referente a modifica\u00e7\u00e3o;<\/li>\n<li>Autoriza\u00e7\u00e3o Pr\u00e9via (Senha do DETRAN);<\/li>\n<li>CAT (Quando aplic\u00e1vel).<\/li>\n<\/ul>\n<p>Observa\u00e7\u00e3o: Quando se tratar de ve\u00edculos modificados, solicitamos entrar em contato para confirma\u00e7\u00e3o desta documenta\u00e7\u00e3o exigida, pois h\u00e1 v\u00e1rios tipos de inspe\u00e7\u00e3o de modifica\u00e7\u00e3o e uma rela\u00e7\u00e3o de documentos diferenciados para cada caso e\/ou veiculo.<\/p>\n<\/div><\/div>\n<p><strong>Lembre-se:<\/strong><\/p>\n<div class=\"su-note\"  style=\"border-color:#dddddd;border-radius:3px;-moz-border-radius:3px;-webkit-border-radius:3px;\"><div class=\"su-note-inner su-u-clearfix su-u-trim\" style=\"background-color:#F7F7F7;border-color:#ffffff;color:#333333;border-radius:3px;-moz-border-radius:3px;-webkit-border-radius:3px;\">\n<ul>\n<li>Antes de alterar as caracter\u00edsticas originais de seu ve\u00edculo, \u00e9 necess\u00e1rio obter autoriza\u00e7\u00e3o pr\u00e9via do Departamento Estadual de Tr\u00e2nsito (DETRAN).<\/li>\n<\/ul>\n<\/div><\/div>\n<p>D\u00favidas sobre inspe\u00e7\u00e3o em Ve\u00edculos Modificados (Altera\u00e7\u00e3o de Caracter\u00edsticas)? <a href=\"https:\/\/petropolisinspecao.com.br\/inspecaoveicular\/contato\/\">Clique aqui e fale conosco<\/a>.<\/p>\n<a href=\"https:\/\/petropolisinspecao.com.br\/inspecaoveicular\/contato\" class=\"su-button su-button-style-default\" style=\"color:#FFFFFF;background-color:#0F7129;border-color:#0c5b21;border-radius:5px\" target=\"_self\"><span style=\"color:#FFFFFF;padding:6px 16px;font-size:13px;line-height:20px;border-color:#579c6a;border-radius:5px;text-shadow:none\"><i class=\"sui sui-send\" style=\"font-size:13px;color:#FFFFFF\"><\/i> Fale com a Petr\u00f3polis Inspe\u00e7\u00e3o Veicular<\/span><\/a>\n<p>&nbsp;<\/p>\n<div id=\"su_slider_6a08f824a39ed\" class=\"su-slider su-slider-centered su-slider-pages-no su-slider-responsive-no su-lightbox-gallery\" style=\"width:860px;height:300px\" data-autoplay=\"3000\" data-speed=\"600\" data-mousewheel=\"true\"><div class=\"su-slider-slides\"><div class=\"su-slider-slide\"><a href=\"https:\/\/petropolisinspecao.com.br\/inspecaoveicular\/wp-content\/uploads\/2019\/02\/31.png\"  title=\"\" data-rel=\"lightbox-image-0\" data-rl_title=\"\" data-rl_caption=\"\"><img decoding=\"async\" src=\"https:\/\/petropolisinspecao.com.br\/inspecaoveicular\/wp-content\/uploads\/2019\/02\/31-860x300.png\" alt=\"PETR\u00d3POLIS INSPE\u00c7\u00c3O VEICULAR\" \/><\/a><\/div><div class=\"su-slider-slide\"><a href=\"https:\/\/petropolisinspecao.com.br\/inspecaoveicular\/wp-content\/uploads\/2019\/02\/05.png\"  title=\"\" data-rel=\"lightbox-image-1\" data-rl_title=\"\" data-rl_caption=\"\"><img decoding=\"async\" src=\"https:\/\/petropolisinspecao.com.br\/inspecaoveicular\/wp-content\/uploads\/2019\/02\/05-860x300.png\" alt=\"PETR\u00d3POLIS INSPE\u00c7\u00c3O VEICULAR\" \/><\/a><\/div><div class=\"su-slider-slide\"><a href=\"https:\/\/petropolisinspecao.com.br\/inspecaoveicular\/wp-content\/uploads\/2019\/02\/04.png\"  title=\"\" data-rel=\"lightbox-image-2\" data-rl_title=\"\" data-rl_caption=\"\"><img decoding=\"async\" src=\"https:\/\/petropolisinspecao.com.br\/inspecaoveicular\/wp-content\/uploads\/2019\/02\/04-860x300.png\" alt=\"PETR\u00d3POLIS INSPE\u00c7\u00c3O VEICULAR\" \/><\/a><\/div><div class=\"su-slider-slide\"><a href=\"https:\/\/petropolisinspecao.com.br\/inspecaoveicular\/wp-content\/uploads\/2019\/02\/03.png\"  title=\"\" data-rel=\"lightbox-image-3\" data-rl_title=\"\" data-rl_caption=\"\"><img decoding=\"async\" src=\"https:\/\/petropolisinspecao.com.br\/inspecaoveicular\/wp-content\/uploads\/2019\/02\/03-860x300.png\" alt=\"PETR\u00d3POLIS INSPE\u00c7\u00c3O VEICULAR\" \/><\/a><\/div><div class=\"su-slider-slide\"><a href=\"https:\/\/petropolisinspecao.com.br\/inspecaoveicular\/wp-content\/uploads\/2019\/02\/02.png\"  title=\"\" data-rel=\"lightbox-image-4\" data-rl_title=\"\" data-rl_caption=\"\"><img decoding=\"async\" src=\"https:\/\/petropolisinspecao.com.br\/inspecaoveicular\/wp-content\/uploads\/2019\/02\/02-860x300.png\" alt=\"PETR\u00d3POLIS INSPE\u00c7\u00c3O VEICULAR\" \/><\/a><\/div><div class=\"su-slider-slide\"><a href=\"https:\/\/petropolisinspecao.com.br\/inspecaoveicular\/wp-content\/uploads\/2019\/02\/01.png\"  title=\"\" data-rel=\"lightbox-image-5\" data-rl_title=\"\" data-rl_caption=\"\"><img decoding=\"async\" src=\"https:\/\/petropolisinspecao.com.br\/inspecaoveicular\/wp-content\/uploads\/2019\/02\/01-860x300.png\" alt=\"PETR\u00d3POLIS INSPE\u00c7\u00c3O VEICULAR\" \/><\/a><\/div><div class=\"su-slider-slide\"><a href=\"https:\/\/petropolisinspecao.com.br\/inspecaoveicular\/wp-content\/uploads\/2019\/02\/20.png\"  title=\"\" data-rel=\"lightbox-image-6\" data-rl_title=\"\" data-rl_caption=\"\"><img decoding=\"async\" src=\"https:\/\/petropolisinspecao.com.br\/inspecaoveicular\/wp-content\/uploads\/2019\/02\/20-860x300.png\" alt=\"PETR\u00d3POLIS INSPE\u00c7\u00c3O VEICULAR\" \/><\/a><\/div><div class=\"su-slider-slide\"><a href=\"https:\/\/petropolisinspecao.com.br\/inspecaoveicular\/wp-content\/uploads\/2019\/02\/21.png\"  title=\"\" data-rel=\"lightbox-image-7\" data-rl_title=\"\" data-rl_caption=\"\"><img decoding=\"async\" src=\"https:\/\/petropolisinspecao.com.br\/inspecaoveicular\/wp-content\/uploads\/2019\/02\/21-860x300.png\" alt=\"PETR\u00d3POLIS INSPE\u00c7\u00c3O VEICULAR\" \/><\/a><\/div><div class=\"su-slider-slide\"><a href=\"https:\/\/petropolisinspecao.com.br\/inspecaoveicular\/wp-content\/uploads\/2019\/02\/22.png\"  title=\"\" data-rel=\"lightbox-image-8\" data-rl_title=\"\" data-rl_caption=\"\"><img decoding=\"async\" src=\"https:\/\/petropolisinspecao.com.br\/inspecaoveicular\/wp-content\/uploads\/2019\/02\/22-860x300.png\" alt=\"PETR\u00d3POLIS INSPE\u00c7\u00c3O VEICULAR\" \/><\/a><\/div><div class=\"su-slider-slide\"><a href=\"https:\/\/petropolisinspecao.com.br\/inspecaoveicular\/wp-content\/uploads\/2019\/02\/24.png\"  title=\"\" data-rel=\"lightbox-image-9\" data-rl_title=\"\" data-rl_caption=\"\"><img decoding=\"async\" src=\"https:\/\/petropolisinspecao.com.br\/inspecaoveicular\/wp-content\/uploads\/2019\/02\/24-860x300.png\" alt=\"PETR\u00d3POLIS INSPE\u00c7\u00c3O VEICULAR\" \/><\/a><\/div><\/div><div class=\"su-slider-nav\"><div class=\"su-slider-direction\"><span class=\"su-slider-prev\"><\/span><span class=\"su-slider-next\"><\/span><\/div><div class=\"su-slider-pagination\"><\/div><\/div><\/div>\n","protected":false},"excerpt":{"rendered":"<p>Inspe\u00e7\u00e3o em Ve\u00edculos Modificados (Altera\u00e7\u00e3o de Caracter\u00edsticas) &nbsp; PORTARIA INMETRO N\u00ba 30: RTQ 24 \u2013 INSPE\u00c7\u00c3O DE VE\u00cdCULOS RODOVI\u00c1RIOS AUTOMOTORES \u2013 MODIFICA\u00c7\u00c3O OU FABRICA\u00c7\u00c3O ARTESANAL \u2013 Este Regulamento T\u00e9cnico estabelece os crit\u00e9rios a serem seguidos por Organismos de Inspe\u00e7\u00e3o Credenciados&hellip;&nbsp;<a href=\"https:\/\/petropolisinspecao.com.br\/inspecaoveicular\/inspecao-modificados\/\" class=\"more-link\">Saiba Mais<\/a><\/p>\n","protected":false},"author":1,"featured_media":0,"parent":0,"menu_order":0,"comment_status":"closed","ping_status":"closed","template":"","meta":{"footnotes":"","_links_to":"","_links_to_target":""},"class_list":["post-42","page","type-page","status-publish","hentry"],"_links":{"self":[{"href":"https:\/\/petropolisinspecao.com.br\/inspecaoveicular\/wp-json\/wp\/v2\/pages\/42","targetHints":{"allow":["GET"]}}],"collection":[{"href":"https:\/\/petropolisinspecao.com.br\/inspecaoveicular\/wp-json\/wp\/v2\/pages"}],"about":[{"href":"https:\/\/petropolisinspecao.com.br\/inspecaoveicular\/wp-json\/wp\/v2\/types\/page"}],"author":[{"embeddable":true,"href":"https:\/\/petropolisinspecao.com.br\/inspecaoveicular\/wp-json\/wp\/v2\/users\/1"}],"replies":[{"embeddable":true,"href":"https:\/\/petropolisinspecao.com.br\/inspecaoveicular\/wp-json\/wp\/v2\/comments?post=42"}],"version-history":[{"count":11,"href":"https:\/\/petropolisinspecao.com.br\/inspecaoveicular\/wp-json\/wp\/v2\/pages\/42\/revisions"}],"predecessor-version":[{"id":372,"href":"https:\/\/petropolisinspecao.com.br\/inspecaoveicular\/wp-json\/wp\/v2\/pages\/42\/revisions\/372"}],"wp:attachment":[{"href":"https:\/\/petropolisinspecao.com.br\/inspecaoveicular\/wp-json\/wp\/v2\/media?parent=42"}],"curies":[{"name":"wp","href":"https:\/\/api.w.org\/{rel}","templated":true}]}}