{"id":64,"date":"2019-02-01T18:48:55","date_gmt":"2019-02-01T20:48:55","guid":{"rendered":"https:\/\/petropolisinspecao.com.br\/inspecaoveicular\/?page_id=64"},"modified":"2019-09-16T15:09:51","modified_gmt":"2019-09-16T18:09:51","slug":"documentos-necessarios","status":"publish","type":"page","link":"https:\/\/petropolisinspecao.com.br\/inspecaoveicular\/documentos-necessarios\/","title":{"rendered":"Documentos Necess\u00e1rios"},"content":{"rendered":"<h3>Saiba a documenta\u00e7\u00e3o necess\u00e1ria para cada inspe\u00e7\u00e3o:<\/h3>\n<hr \/>\n<div class=\"su-spoiler su-spoiler-style-fancy su-spoiler-icon-arrow su-spoiler-closed\" data-scroll-offset=\"0\" data-anchor-in-url=\"no\"><div class=\"su-spoiler-title\" tabindex=\"0\" role=\"button\"><span class=\"su-spoiler-icon\"><\/span>DOCUMENTOS NECESS\u00c1RIOS PARA A INSPE\u00c7\u00c3O DE GNV INICIAL, AP\u00d3S CONVERS\u00c3O:<\/div><div class=\"su-spoiler-content su-u-clearfix su-u-trim\">\n<p>S\u00e3o necess\u00e1rios para a inspe\u00e7\u00e3o inicial, apos a convers\u00e3o, os seguintes documentos:<\/p>\n<ul>\n<li>Documento do ve\u00edculo (CRLV) (nos casos de ve\u00edculos 0KM dever\u00e1 ser apresentada a Nota fiscal de compra);<\/li>\n<li>CNH do condutor;<\/li>\n<li>Nota Fiscal do servi\u00e7o de instala\u00e7\u00e3o executado no veiculo;<\/li>\n<li>Nota Fiscal de compra dos componentes do sistema GNV;<\/li>\n<li>Atestado de Qualidade da empresa instaladora, comprovando o registro de Acredita\u00e7\u00e3o da Coordena\u00e7\u00e3o Geral de Acredita\u00e7\u00e3o do INMETRO;<\/li>\n<li>Certificado de Conformidade\u201d do cilindro;<\/li>\n<li>Autoriza\u00e7\u00e3o Pr\u00e9via (Senha do DETRAN).<\/li>\n<\/ul>\n<p>Observa\u00e7\u00e3o: Ve\u00edculo deve vir abastecido com no m\u00ednimo 180 bar de press\u00e3o de GNV e abastecido no m\u00ednimo 90% de combust\u00edvel l\u00edquido.<\/p>\n<\/div><\/div>\n<div class=\"su-spoiler su-spoiler-style-fancy su-spoiler-icon-arrow su-spoiler-closed\" data-scroll-offset=\"0\" data-anchor-in-url=\"no\"><div class=\"su-spoiler-title\" tabindex=\"0\" role=\"button\"><span class=\"su-spoiler-icon\"><\/span>DOCUMENTOS NECESS\u00c1RIOS PARA A INSPE\u00c7\u00c3O DE GNV PERI\u00d3DICA, ANUAL:<\/div><div class=\"su-spoiler-content su-u-clearfix su-u-trim\">\n<p>S\u00e3o necess\u00e1rios para a inspe\u00e7\u00e3o peri\u00f3dica \/ anual, os seguintes documentos:<\/p>\n<ul>\n<li>Documento do ve\u00edculo (CRLV);<\/li>\n<li>\u00a0CNH do condutor;<\/li>\n<li>Selo de G\u00e1s Natural Veicular (vigente);<\/li>\n<li>Certificado de Requalifica\u00e7\u00e3o (caso o cilindro seja requalificado);<\/li>\n<li>Documentos fiscais de eventual servi\u00e7o realizado no Kit.<\/li>\n<\/ul>\n<p>Observa\u00e7\u00e3o: Ve\u00edculo deve vir abastecido com no m\u00ednimo 180 bar de press\u00e3o de GNV e abastecido no m\u00ednimo 90% de combust\u00edvel l\u00edquido.<\/p>\n<\/div><\/div>\n<div class=\"su-spoiler su-spoiler-style-fancy su-spoiler-icon-arrow su-spoiler-closed\" data-scroll-offset=\"0\" data-anchor-in-url=\"no\"><div class=\"su-spoiler-title\" tabindex=\"0\" role=\"button\"><span class=\"su-spoiler-icon\"><\/span>DOCUMENTOS INSPE\u00c7\u00c3O VE\u00cdCULOS MODIFICADOS:<\/div><div class=\"su-spoiler-content su-u-clearfix su-u-trim\">\n<ul>\n<li>Documento do ve\u00edculo (CRLV);<\/li>\n<li>CNH do condutor;<\/li>\n<li>Notas fiscais referente a modifica\u00e7\u00e3o;<\/li>\n<li>Autoriza\u00e7\u00e3o Pr\u00e9via (Senha do DETRAN);<\/li>\n<li>CAT (Quando aplic\u00e1vel).<\/li>\n<\/ul>\n<p>Observa\u00e7\u00e3o: Quando se tratar de ve\u00edculos modificados, solicitamos entrar em contato para confirma\u00e7\u00e3o desta documenta\u00e7\u00e3o exigida, pois h\u00e1 v\u00e1rios tipos de inspe\u00e7\u00e3o de modifica\u00e7\u00e3o e uma rela\u00e7\u00e3o de documentos diferenciados para cada caso e\/ou veiculo.<\/p>\n<\/div><\/div>\n<div class=\"su-spoiler su-spoiler-style-fancy su-spoiler-icon-arrow su-spoiler-closed\" data-scroll-offset=\"0\" data-anchor-in-url=\"no\"><div class=\"su-spoiler-title\" tabindex=\"0\" role=\"button\"><span class=\"su-spoiler-icon\"><\/span>DOCUMENTOS NECESS\u00c1RIOS PARA A INSPE\u00c7\u00c3O DE VE\u00cdCULOS SINISTRADOS:<\/div><div class=\"su-spoiler-content su-u-clearfix su-u-trim\">\n<p>Documento do ve\u00edculo (CRLV); ou<br \/>\nNota Fiscal do Leil\u00e3o;<br \/>\nCNH do condutor;<br \/>\nBoletim de Ocorr\u00eancia (quando aplic\u00e1vel);<br \/>\nAutoriza\u00e7\u00e3o Pr\u00e9via (Senha do DETRAN).<\/p>\n<\/div><\/div>\n<div class=\"su-spoiler su-spoiler-style-fancy su-spoiler-icon-arrow su-spoiler-closed\" data-scroll-offset=\"0\" data-anchor-in-url=\"no\"><div class=\"su-spoiler-title\" tabindex=\"0\" role=\"button\"><span class=\"su-spoiler-icon\"><\/span>DOCUMENTA\u00c7\u00c3O NECESS\u00c1RIA PARA A INSPE\u00c7\u00c3O DE VE\u00cdCULOS BLINDADOS:<\/div><div class=\"su-spoiler-content su-u-clearfix su-u-trim\">\n<p>\u2013 Documento do ve\u00edculo (CRLV) \u2013 (nos casos de ve\u00edculos 0KM dever\u00e1 ser apresentada a Nota fiscal de compra);<br \/>\n\u2013 CNH do condutor;<br \/>\n\u2013 Nota Fiscal da instala\u00e7\u00e3o da Blindagem;<br \/>\n\u2013 Declara\u00e7\u00e3o de blindagem expedida pelo Ex\u00e9rcito;<br \/>\n\u2013 Autoriza\u00e7\u00e3o do Ex\u00e9rcito (Retex);<br \/>\n\u2013 Autoriza\u00e7\u00e3o Pr\u00e9via (Senha do DETRAN).<\/p>\n<\/div><\/div>\n<hr \/>\n<a href=\"https:\/\/petropolisinspecao.com.br\/inspecaoveicular\/contato\" class=\"su-button su-button-style-default\" style=\"color:#FFFFFF;background-color:#0F7129;border-color:#0c5b21;border-radius:5px\" target=\"_self\"><span style=\"color:#FFFFFF;padding:6px 16px;font-size:13px;line-height:20px;border-color:#579c6a;border-radius:5px;text-shadow:none\"><i class=\"sui sui-send\" style=\"font-size:13px;color:#FFFFFF\"><\/i> D\u00favidas? Fale conosco!<\/span><\/a>\n","protected":false},"excerpt":{"rendered":"<p>Saiba a documenta\u00e7\u00e3o necess\u00e1ria para cada inspe\u00e7\u00e3o:<\/p>\n","protected":false},"author":1,"featured_media":0,"parent":0,"menu_order":0,"comment_status":"closed","ping_status":"closed","template":"","meta":{"footnotes":"","_links_to":"","_links_to_target":""},"class_list":["post-64","page","type-page","status-publish","hentry"],"_links":{"self":[{"href":"https:\/\/petropolisinspecao.com.br\/inspecaoveicular\/wp-json\/wp\/v2\/pages\/64","targetHints":{"allow":["GET"]}}],"collection":[{"href":"https:\/\/petropolisinspecao.com.br\/inspecaoveicular\/wp-json\/wp\/v2\/pages"}],"about":[{"href":"https:\/\/petropolisinspecao.com.br\/inspecaoveicular\/wp-json\/wp\/v2\/types\/page"}],"author":[{"embeddable":true,"href":"https:\/\/petropolisinspecao.com.br\/inspecaoveicular\/wp-json\/wp\/v2\/users\/1"}],"replies":[{"embeddable":true,"href":"https:\/\/petropolisinspecao.com.br\/inspecaoveicular\/wp-json\/wp\/v2\/comments?post=64"}],"version-history":[{"count":7,"href":"https:\/\/petropolisinspecao.com.br\/inspecaoveicular\/wp-json\/wp\/v2\/pages\/64\/revisions"}],"predecessor-version":[{"id":377,"href":"https:\/\/petropolisinspecao.com.br\/inspecaoveicular\/wp-json\/wp\/v2\/pages\/64\/revisions\/377"}],"wp:attachment":[{"href":"https:\/\/petropolisinspecao.com.br\/inspecaoveicular\/wp-json\/wp\/v2\/media?parent=64"}],"curies":[{"name":"wp","href":"https:\/\/api.w.org\/{rel}","templated":true}]}}